*a - 1. Let m be l(-2). Suppose 2*w - w = m. Suppose w*t - 11*t + 8 = 0. Let n(q) = -3*q + 3. Calculate n(t).
-3
Suppose 2*d + 4*k + 24 = 6*d, -5*d = 5*k. Let a(y) = -2*y + 1. Let t(j) = -7*j + 2. Let l(o) = d*t(o) - 8*a(o). What is l(-2)?
8
Let x(k) = -k**2 - 11*k - 8. Suppose 80 = -29*f + 21*f. Give x(f).
2
Suppose -2*r - 3*r + 35 = 0. Suppose 2*i + 4*u - 33 = r*i, -3*i - 30 = u. Let j = i + 11. Let w(y) = y**2 - 6*y + 3. What is w(j)?
-5
Let r(q) = q**3 + 13*q**2 - 12*q + 12. Let o = 152 - 166. Calculate r(o).
-16
Let s(w) be the second derivative of -w**3/6 + w**2 - w. Let n = 4934 - 4934. What is s(n)?
2
Let u(r) = -4 + 3*r**3 - 10*r**3 + 3 + 2*r**2 + 6*r**3 - 8. Determine u(3).
-18
Let t(o) = -7*o**2 - 49*o + 5. Let l be t(-7). Let u(x) = -4*x**2 + 7*x + 3*x**2 - 5*x**2 - 4 + x**3. Calculate u(l).
6
Let t(a) be the third derivative of a**5/120 - a**4/12 - 2*a**3/3 + 3*a**2. Let x(m) be the first derivative of t(m). Suppose 19*d - 30 = 13*d. Calculate x(d).
3
Let s(l) = l + 14. Let i(h) = 7*h + 35. Let n be i(-5). What is s(n)?
14
Let q(m) = m**2 + m - 2. Let t(a) = a**2 - 4*a + 8. Let z(o) = -2*q(o) + t(o). Let h(d) be the first derivative of z(d). Calculate h(-6).
6
Suppose -7 = -r + 4*r + 4*i, 3*r = 3*i + 21. Let a(v) = 2*v - 10*v + 494*v**2 - 486*v**2 + 8 + v**r. Determine a(-9).
-1
Let d(l) be the third derivative of -l**7/315 + l**5/120 + 13*l**4/12 + 6*l**2. Let k(j) be the second derivative of d(j). Calculate k(1).
-7
Let j(g) = -13*g**2 - 3 - 17*g - 17*g + 12*g**2 + 32*g. Let h = 3 + -6. Give j(h).
-6
Let k(v) = v**2 + 4*v + 2. Suppose 0 = 18*c - 11*c + 35. Determine k(c).
7
Let o be 1/(2/(-4)) + (-13 - -15). Let d(i) = -10 - 15*i**3 + i - i**2 + 10*i**3 + 2*i**2 + 4*i**3. Determine d(o).
-10
Let w(v) = -v**2 + 9*v - 17. Let o be w(7). Let u(l) = l**3 - 7*l**2 - 2*l - 4. Let h(c) = -2*c**3 + 8*c**2 + c + 5. Let a(g) = 2*h(g) + 3*u(g). Calculate a(o).
-8
Let z be -8*(-7 - (-5 - -2)). Suppose 2*a = -0*a - w + 10, 4*a - z = w. Suppose 3*x = a*x + 16. Let c(t) = -t - 4. Determine c(x).
0
Let c be 18 + -3 + -6 - 2. Let f(i) = i**3 - 6*i**2 - 7*i - 1. Determine f(c).
-1
Let s(k) = k - 2*k + 7 - 4. Suppose -4*n = -n - 3*g - 24, -3*g - 29 = -4*n. Calculate s(n).
-2
Suppose 0 = 13*f - 10*f - 4*f. Let z(x) = x**3 + 3*x**2 - x - 1. Let i(r) = 3*r**3 + 8*r**2 - 3*r - 3. Let n = 12 - 23. Let k(y) = n*z(y) + 4*i(y). Give k(f).
-1
Let h(q) = 5*q**2 + 12*q**2 - 15*q**2 - 12 - 5*q + 8. Give h(4).
8
Let x(c) = c**2 - c - 2. Let v(g) = g**2 + 8*g + 2. Let n(z) = -v(z) + 4*x(z). Calculate n(5).
5
Suppose 3*u + 4 = -4*s, 3*u - u = -5*s + 2. Let j(h) be the second derivative of -5/2*h**2 + 0 - 1/2*h**3 + h. Determine j(u).
7
Let u(k) = -5*k - 146. Let s be u(-30). Let l(h) = -22*h + 6 - h**3 + 0*h**3 + 17*h + 5*h**2. What is l(s)?
2
Suppose 5*s + 4*u = 3*s - 16, 2*s + 22 = -2*u. Let o be ((-36)/63)/(2/s). Let w(y) = y**3 - 5*y**2 + 5*y + 2. Give w(o).
6
Suppose 0 = 3*m - 5 - 4. Let x(o) = 1 - 2 + m*o**3 - 2*o**3 + o**2. Calculate x(-1).
-1
Suppose 2*h + 5*p = -6, -3*p + p = -h + 6. Suppose -8 = -4*k + 4*l, 4*k - 2*k = -4*l - h. Let i(v) = 7*v + 1. Calculate i(k).
8
Let f(m) = -34*m - 5. Let i be f(-1). Let a(r) = i*r**3 + 0*r + 5*r**2 - 3*r + 4 - 30*r**3 - 1. What is a(2)?
9
Let n(x) be the third derivative of x**4/24 - x**3/6 + 5*x**2. Suppose -4*r - 2 = 10. Determine n(r).
-4
Let h(z) = 2*z + 1. Suppose 0 = -a + 5*a + 160. Let w = a - -38. Calculate h(w).
-3
Let g(z) = 2*z**2 + 9*z + 5. Suppose 4*o = -5*t - 1, 4*o = 4*t - 170 + 142. Determine g(o).
1
Let a(l) = 0*l**2 + 10*l**2 + 15*l - 25 - 9*l**2. Calculate a(-17).
9
Let k be 58/(-841) - 147/(-29). Let q(j) = j**2 - 3*j - 11. Determine q(k).
-1
Let y be (-12)/15*15/(-3). Let k(z) = 4*z**2 - 16*z + 8. Calculate k(y).
8
Let k(q) = q - 8. Suppose -2*a = -3*i + 13, -3*i + 13 = -5*a - 6. Determine k(a).
-10
Let v(q) = -q**2 + 7*q - 8. Let p be v(5). Let j(t) = t - 84*t**3 + p*t**2 + 36*t**3 - 4 + 6 + 46*t**3. What is j(-2)?
24
Let a(t) = -t**2 - t + 3. Suppose -3*c + 2*d - 11 - 2 = 0, 5*c = -3*d - 28. Let j(o) = -11*o - 19*o + 2 + 4*o**2 + o**3 + 26*o. Let g be j(c). What is a(g)?
-3
Let v be 12/(-16)*-6*2. Let x(k) = 2*k - 4. Calculate x(v).
14
Let i(x) = -3*x**3 - 3*x**2 + 4*x + 4. Suppose 0*q - 5*a = 5*q, 0 = -3*q + 2*a - 10. What is i(q)?
8
Let m = 254 + -263. Let i be (84/99 - (-14)/(-77))*m. Let c(d) = 8*d - 4*d - 7 - 1 + d**2. Give c(i).
4
Suppose -44*t - 18 = -47*t. Let y(r) = -r + 6. Calculate y(t).
0
Let p = 9 - 8. Let v(r) = r + 1. Let b(w) = 12*w + 4. Let a(y) = p*b(y) - 10*v(y). Let d(h) = -5*h**3 + h**2 - h - 2. Let o be d(-1). What is a(o)?
4
Let b(s) = -s + 15. Suppose 4*q - 3*j = 66, 36 = 4*q + j - 22. Calculate b(q).
0
Let p(w) = 1. Let a(v) = v - 3. Let r(h) = -a(h) - 2*p(h). Suppose 0 = 5*z - 0*z + 255. Let t = -46 - z. Calculate r(t).
-4
Let v(u) = 12*u**2 - 3*u + 3. Let h(d) = -d**2 + d - 1. Let k(c) = 3*h(c) + v(c). What is k(-2)?
36
Let a(z) = 5*z - 1. Suppose -2*u + 10 = -8. Suppose 2*h - 3*h + 5*n + 18 = 0, -3*n = u. Give a(h).
14
Let v(a) be the first derivative of a**4/4 - 7*a**3/3 + 2*a**2 + 4*a + 155. Determine v(6).
-8
Let g = -184 - -183. Let r(b) = 10*b**3 - b**2 - b - 1. Calculate r(g).
-11
Let q(g) be the first derivative of 2*g**3/3 - 3*g**2/2 + 3*g + 241. Give q(3).
12
Let x be (1 + -3)*7/(-2). Suppose -12*o - 21*o = -231. Suppose -2*u - 3*b = o, -b = -u + b - x. Let n(c) = -c**2 - 6*c + 2. Determine n(u).
7
Let j(a) = -a**2 + 6*a + 1. Let p(f) = f**3 - 13*f**2. Let k be p(13). Suppose -h = -3*v + 19, 8 = v - 2*h - k*h. Calculate j(v).
1
Let r(k) = -k**2 - 9*k - 6. Let z(i) = 9*i - 18. Let p be z(3). Suppose -9 = 2*v + p. Give r(v).
-6
Let v(h) = -h**3 - 6*h**2 + 2*h + 10. Suppose -51*f + 31*f - 100 = 0. Calculate v(f).
-25
Let m(b) = -4 + 2*b + 20 - 3*b + 4*b. Give m(-5).
1
Let w = 177 + -177. Let r(y) = -y**3 - y**2 - 6. Give r(w).
-6
Let l be (32/(-14) - -6) + 4/14. Let r(h) = -2 - 2 + h + 2 - l. Give r(10).
4
Let z be (10/(-25))/(-1)*5. Let a(f) = -f - 6*f**2 - 1 + 5*f**z + 4*f**2 + f**3. Calculate a(-2).
5
Let l(d) = 2925*d**2 - 55 - 2926*d**2 + 9 + 15*d. Determine l(11).
-2
Let v(y) = 837*y + 6 - 835*y + 2. Calculate v(-7).
-6
Let x(d) = 2*d**3 - 6*d**2 + 2*d**3 - d**3. Let m(c) = c**3 - 2*c**2. Let q = -856 + 845. Let w(i) = q*m(i) + 4*x(i). What is w(-2)?
-16
Let y(a) = a + 6. Let d be y(-5). Let h(j) = 4*j**2 - 6*j - 5. Let b be h(-1). Let s(w) = -2 + w**2 - b + d - 1 - 3*w. Calculate s(5).
3
Let l(v) = -13*v + 222*v**2 - 10 - 223*v**2 - 10*v + v. Give l(-21).
11
Suppose 2*w - 16 = -t - 8, t - 5*w = -13. Let f(u) = 3*u - 1. What is f(t)?
5
Let s(a) = a + 41. Let y be s(-15). Let f(l) = -50 + y - 2*l + 21. Determine f(-4).
5
Let z(b) = 2*b - 24. Let v be z(10). Let s be 8 + 2 + 0 + v. Let x(r) = r**3 - 5*r**2 - 5*r - 2. Give x(s).
4
Let d(b) = b**2 - 2*b + 3. Suppose 4*p + 98 = -2*k - 3*k, k + 16 = -2*p. Let q = k + 25. Give d(q).
6
Let c(w) be the third derivative of -3*w**5/20 - w**4/12 - w**3/3 + 52*w**2 + 3. Calculate c(-1).
-9
Let x(i) be the second derivative of -i**4/12 - i**3/6 - 11*i**2/2 + 149*i. Determine x(0).
-11
Suppose 68 = -21*q - 37. Let y(x) = x**3 + 5*x**2 - 5*x + 3. Determine y(q).
28
Let y(h) = 5 - 12 - 2*h + 3 - 5. Calculate y(-7).
5
Let m = -145 - -134. Let n(o) be the first derivative of o**3/3 + 6*o**2 + 8*o + 2. Let t be n(m). Let v(c) = c**3 + 2*c**2 - 3*c - 4. Determine v(t).
-4
Suppose 0 = -9*z + 4*z. Suppose -2*b + z = -6. Let l(k) = -b + 12 - 5*k - k**2 - 11. Calculate l(-3).
4
Let o(k) = -k + 5. Suppose -12*q = -19*q - 14. Let m be 21/3 + q/1. Determine o(m).
0
Let d(i) = -32*i + 39*i + 2*i + 1 + i. Suppose z - 2 - 3 = 0. Suppose -s = 3*r + s - 5, 3 = z*r - 2*s. What is d(r)?
11
Let g = 498 - 5975/12. Let l(h) be the second derivative of 0 + 4*h**2 - 2*h - 1/2*h**3 - g*h**4. Give l(-6).
-10
Let y(z) = z + 3. Let m be (39/65)/(2/20). Let i be (-2)/m*3 + -5. What is y(i)?
-3
Let z = -15 + 21. Suppose 2*b + 4*w = -18, -7 = 4*b + 4*w + 13. Let d(r) = 1. Let o(a) = a - 5. Let g(q) = b*o(q) + 3*d(q). Determine g(z).
2
Let w(h) = h**2 - 8*h - 4. Suppose 17 - 1 = 8*m. Let p be (-2)/(-2)*0/2. Suppose d - 1 = -3*j + m*j, 3*d - 3*j - 33 = p. Determine w(d).
-16
Let l(p) = -11*p**3 - 25*p**2 - 57*p - 36. Let f(z) = 4*z**3 + 8*z**2 + 